est common factor of d and 22.
2
Let r(v) = 3*v**3 - v**2 + v + 10. Let i be r(3). Calculate the highest common divisor of 35 and i.
5
Suppose -43 = -3*m - 4*j, m - j - 38 = -2*m. Let h = 126 + 56. Suppose 0*g = 2*g - h. Calculate the greatest common factor of g and m.
13
Let h = 97 + -95. What is the highest common factor of h and 4?
2
Let y(b) = -b**2 - 2*b. Let g be y(-1). Suppose 579*f + 5 = 584*f. Let x be (f*3)/(g/6). What is the greatest common factor of 18 and x?
18
Let c(j) = 2*j - 16. Let k = -3 + 14. Let w be c(k). Suppose -11*o = -w*o - 80. Calculate the highest common divisor of 2 and o.
2
Let j = 662 + -658. What is the greatest common divisor of 20 and j?
4
Suppose 133 = 3*f - 2*f. Suppose 0 = -5*u + 2*w - f, -4*w + 22 = -2*u - 28. Let b = u + 34. Calculate the highest common divisor of b and 49.
7
Let y(c) = 7*c - 3. Let z be y(-1). Let d = 11 - z. Calculate the greatest common factor of d and 42.
21
Let y = -8 - -3. Let s be y*((-48)/20 - 1). Suppose s = a - 28. What is the greatest common divisor of a and 9?
9
Let o = 15 - 15. Suppose 0 = 3*l + 15, -5*h + l = -o*l - 60. Calculate the greatest common divisor of 55 and h.
11
Suppose 5*j = -2*h + 186 - 29, 0 = 2*h - j - 127. Calculate the greatest common divisor of 12 and h.
6
Suppose -3780 = -10*f + 5*f. Suppose f = -11*t + 13*t. Calculate the highest common divisor of t and 42.
42
Let i = -6 + 10. Suppose -i*o + 74 = 2*a, 3*a - 76 = -0*a + o. Let s(m) = 51*m - 1977. Let z be s(43). Calculate the highest common factor of a and z.
27
Let p(d) = -13*d - 1. Let r be p(1). Let c = 21 + r. What is the highest common factor of c and 14?
7
Let p(o) = -o**2 + 8*o - 2. Let m be p(7). Suppose m*r - 146 - 54 = 0. What is the greatest common divisor of 20 and r?
20
Suppose -4*k + 9*k - 67 = i, -4*k + 3*i + 47 = 0. Calculate the highest common factor of k and 49.
7
Suppose -4*a + 808 = 276. What is the highest common divisor of 7 and a?
7
Suppose 4*g = 4*o - 108, -5*g - 9 = -29. Let y = 339 - 184. What is the highest common divisor of y and o?
31
Suppose -16*s + 20*s + 295 = 5*m, -2*s = 4*m - 210. Suppose 3*y - 25 = -2*y. What is the highest common divisor of y and m?
5
Let n(c) = -c**3 + c**2 - 1. Let v(m) = 6*m**3 - 11*m**2 + 8*m + 2. Let p(b) = 5*n(b) + v(b). Let a be p(5). What is the highest common divisor of 48 and a?
12
Let b(n) = -n - 11 - 2*n + 7*n - 2*n. Let m be b(9). What is the highest common divisor of 42 and m?
7
Let r = 5 - 0. Calculate the highest common divisor of 95 and r.
5
Let i be (-12 - -1)/((-155)/4960). Calculate the greatest common divisor of i and 32.
32
Let z = -744 - -992. What is the greatest common factor of 93 and z?
31
Let y be (8/(-3))/((-2)/12). Let l(j) = 9*j - 212. Let m be l(36). Calculate the highest common factor of y and m.
16
Let b be 89 + 0 - (-43 - -42). Suppose 3*p - 3*q + 2*q - 112 = 0, -p - 4*q = -20. What is the greatest common factor of p and b?
18
Let d be ((-17480)/276)/(0 + 4/(-6)). Calculate the highest common divisor of d and 38.
19
Let m(j) = j**2 - 21*j - 158. Let w be m(28). Calculate the highest common divisor of w and 342.
38
Let o(n) be the first derivative of n**3/3 + 3*n**2/2 - 3. Let t be o(-10). Let c be 3*1 - t/(-7). Calculate the greatest common factor of 104 and c.
13
Let n = -18 + 21. Suppose 3*b - 4*c = 220, -5*b + c = -n*c - 364. Let z = b - 21. Calculate the greatest common factor of z and 34.
17
Let i(w) = -4*w**2 + 66*w + 113. Let t be i(18). What is the greatest common divisor of t and 505?
5
Suppose -7*v = -5*v + 72. Let m be (6/(-4))/(v/(-2352)). Let s = -69 - m. Calculate the highest common factor of 203 and s.
29
Let x = -602 - -647. What is the highest common divisor of 20 and x?
5
Let y = 1388 + -680. What is the greatest common divisor of 59 and y?
59
Let n = 9 - -33. Suppose -3*l = v - 5*v + 16, 5*v + 2*l - 43 = 0. What is the greatest common factor of n and v?
7
Suppose 0 = -6*z - 31 + 55. Calculate the greatest common factor of 128 and z.
4
Let g(z) = z**2 - 30*z + 41. Let j be g(29). What is the greatest common divisor of j and 204?
12
Suppose -108*z = -125*z + 442. What is the highest common factor of z and 130?
26
Suppose 46*r = 26*r + 160. Let m be (-4)/14 - (-86)/7. What is the highest common factor of m and r?
4
Suppose 4*d - 3*n - 672 = 0, -d + 2*n + 173 = -0*d. Calculate the greatest common divisor of d and 33.
33
Suppose 0 = -6*o - 94 + 154. Calculate the highest common factor of o and 170.
10
Let p = -25 - -44. Suppose -4 = -2*y - c + 2*c, 5*y - 2*c = 9. Let b = y - -151. Calculate the highest common factor of b and p.
19
Let b be 57868/(-161)*7/(-2). Calculate the greatest common divisor of 74 and b.
74
Let k = 47 - 11. Suppose 90 = 2038*f - 2028*f. Calculate the greatest common factor of f and k.
9
Let y be (-806)/(-4) + 9/(-6). Suppose 3*r + 68 = y. Calculate the highest common factor of 33 and r.
11
Let x be -8 - (-4 + 11 - 40). Suppose d - 3*c - 40 = 0, -4*d = -4*c - 2 - 118. What is the greatest common factor of d and x?
25
Suppose w + 91 = y, -5*y - 3*w + 5*w = -446. Let l(k) = -k**3 - 16*k**2 + 16*k - 6. Let j be l(-17). What is the highest common factor of j and y?
11
Let p = -28 + 97. Suppose 0 = 19*i + 250 + 35. Let z be (-234)/(-10) + ((-24)/i - 2). What is the greatest common factor of p and z?
23
Let u be (120/(-140))/(5/(-1190) - 0). What is the highest common divisor of 12 and u?
12
Let x be (7 + -2)/(105/55 - 2). Let d = 66 + x. Calculate the highest common factor of d and 11.
11
Let j = 8 - 5. Let s be -10 + 11 + 11 - 9. Calculate the greatest common factor of j and s.
3
Let g be (-19)/(-323) + (-10860)/(-51). Calculate the highest common divisor of g and 497.
71
Let r be 27*-8*4/24. Let d be r/48 - (-59)/4. What is the highest common factor of 98 and d?
14
Let o be (-87)/(-9) - (-3)/9. Suppose 4*m - s - 16 = 3*s, 3*m + 2*s - 17 = 0. Suppose 3*b = m*b - 60. Calculate the greatest common factor of b and o.
10
Let d be -1*(1 + -2 - 2). Suppose -p - 4*q + 86 = 2*p, d*p - 61 = q. What is the greatest common divisor of p and 11?
11
Suppose 0 = -4*b - c + 2041, -5*b - 8*c = -9*c - 2558. Calculate the greatest common factor of 73 and b.
73
Let f(o) = o**2 - 12*o + 17. Let i be f(11). Suppose g - i - 41 = 0. What is the greatest common factor of 141 and g?
47
Let v = 163 - 130. Calculate the greatest common factor of 561 and v.
33
Let f(y) = -y**3 - 4*y**2 - 4. Let o be f(-5). Let t be 1836/o + (-24)/(-42). Calculate the greatest common factor of 22 and t.
22
Let y(k) = -2*k**3 - 2*k**2 + 5*k + 4. Let o = -13 - -20. Suppose 12 = -o*v + 4*v. Let f be y(v). Calculate the highest common divisor of 16 and f.
16
Suppose -3*q + 104 = -5*y, 6*y = q + 10*y - 12. What is the greatest common factor of q and 182?
14
Suppose 5*y = 5*o + 35, 5*y - o - 62 = -5*o. Suppose y = 5*l - 15. What is the greatest common divisor of l and 15?
5
Let c(f) = f**3 - 6*f**2 - 8*f + 7. Let x be c(8). Suppose 109 = -5*g - x. Let q = 50 + g. What is the highest common divisor of 154 and q?
14
Suppose -4*j - 8 = 0, -24*j + 29*j - 20 = -5*b. What is the highest common divisor of 21 and b?
3
Suppose -32 = -6*u + 2*u. Suppose 2*p - 36 = -l, 2*l + 18*p - 13*p = 70. Calculate the highest common factor of l and u.
8
Suppose 2*h - 38 = -f, -3*f = -h - 4*h - 70. What is the highest common factor of 70 and f?
10
Let p(g) = g**3 - 8*g**2 + 2*g - 12. Let u be p(8). Let k be -12*((-4)/(-9))/(2/(-21)). Suppose u*a = 16 + k. What is the highest common divisor of a and 12?
6
Let u(o) = 157*o - 426. Let m be u(8). What is the greatest common factor of m and 30?
10
Suppose -12 = 3*w, -35 = -3*c - 3*w + 37. Suppose 478 - c = 5*h. Suppose 0*r + 180 = 3*r. What is the highest common divisor of h and r?
30
Let w(k) = -19*k + 2. Let b be w(-9). Suppose 4*l + b = a + 37, -5*l + 154 = a. Let t = 27 + -11. What is the highest common factor of a and t?
16
Let y = -86 + 65. Let m = -9 - y. Calculate the greatest common divisor of m and 3.
3
Let r = -23 + 14. Let q(u) = -3*u - 2. Let o be q(r). Let j = o - 15. What is the greatest common divisor of 40 and j?
10
Let v be ((-54)/(-135))/(3/630). Let w = 15 + -3. Calculate the highest common divisor of w and v.
12
Let s(q) = 2*q - 7. Let a be s(3). Let w = 3 - a. Let x(g) = g**2 + 12*g + 15. Let 